 Suppose s = 5*a - 3*q - 22, 0*a + 4*a = q + 12. What is the units digit of a?
2
What is the hundreds digit of (-6837)/(-212)*32/6?
1
Let q = -1 - -40. Let p = 9 + q. What is the units digit of p?
8
Let w(g) = -384*g + 4. What is the hundreds digit of w(-1)?
3
Suppose 125 - 1067 = 3*u. What is the tens digit of (-5)/15 - u/6?
5
Suppose -2*b - 2*o = -o - 25, -3*b + 5*o + 5 = 0. Let m be 42/35*b/3. Suppose 0 = -m*x + 135 + 17. What is the units digit of x?
8
Let g = 1031 - -370. What is the tens digit of g?
0
Let l be (-65)/(-25) + 2/5. Suppose 3*q + l*c = 171, -q + 2*c = -2*c - 52. What is the units digit of q?
6
Let h(d) = -d**3 + 8*d**2 - 4*d**2 - 8 + 0*d + 3*d**2 - 6*d. Let p be h(6). Let k = p - -28. What is the tens digit of k?
2
Let x be (-264)/10 - 1 - 6/10. Let v(a) = a**3 + 28*a**2 - 9*a - 36. What is the tens digit of v(x)?
1
Let i be (-1845)/50 - 2/20. What is the tens digit of (-4)/2*(i - -15)?
4
Let y = 206 + -126. Let t = y - -20. What is the hundreds digit of t?
1
Let r be 0 - (-53 - 2) - 0. Suppose -5*q = 5*l - r, 5*l + 2*q - 13 = 33. What is the units digit of l?
8
Let y(t) = 17*t**2 + 5*t. Let z be y(5). Suppose 0*g + 5*f + z = 5*g, -5*f - 180 = -2*g. What is the tens digit of g?
9
Let s = 1242 - -348. What is the thousands digit of s?
1
Let t = 2246 - 95. What is the hundreds digit of t?
1
Let h be 125 + (6/3 - (-4)/(-1)). Let b = 189 - h. What is the units digit of b?
6
Let r(l) = l + 3. Let i be r(-5). Let z be 5/i - (-3)/2. What is the units digit of (24/18)/(z/(-6))?
8
Suppose 0 = -0*o + o - 519. Suppose -2*s - 8 = 0, 1 = 4*u + s - o. What is the units digit of u?
1
Let x(c) = -c - 6. Let z(y) = -y**3 + y**2 - 3*y + 3. Let q be z(2). Let w be x(q). Let h = w + 1. What is the units digit of h?
2
What is the units digit of (-8373)/(-18) + (-16)/96?
5
Suppose 13*l - 11*l = 318. Suppose l = 4*k + 19. Let h = k + 10. What is the tens digit of h?
4
Let z be (-2)/(-4) - 75/(-30). Suppose b + z*y + y = 118, -554 = -5*b - 2*y. What is the tens digit of b?
1
Suppose -4*f - 1128 = -7*f. Let g be (-2)/9 - f/(-72). Suppose g*q = 30 + 70. What is the tens digit of q?
2
Let y be 852/8 + (-1)/2. Suppose -69 = -4*q - o + 26, -y = -5*q + 3*o. What is the units digit of q/3 + 9/27?
8
Let i = -6 + 1. Let l be (-3)/15*4*i. Suppose d = -3*d + l. What is the units digit of d?
1
Suppose 0 = -8*y + 29 + 3. Suppose 3*q - 4*q = -t - 29, 0 = 4*t + y. What is the tens digit of q?
2
Suppose 7*v - 3*t = 3*v + 204, 2*v - 4*t = 112. What is the tens digit of v?
4
Let a be 376/14 - 1/(-7). Suppose -3*p + 6 = 5*f - 0*f, 0 = 4*f - 5*p - a. What is the units digit of f?
3
Let a be (-6)/10 + (-129)/(-15). Suppose a*v - 542 = 178. What is the units digit of v?
0
Suppose 208 = f + l, -12*f = -14*f + 2*l + 416. What is the tens digit of f?
0
Let t(g) = 8*g - 19. Let f be t(3). Suppose 0*d = -d - 3*a + 44, 163 = f*d - 4*a. What is the tens digit of d?
3
Let i(b) = -b**3 - 5*b**2 - 2*b - 5. Let z be i(-5). Suppose 2*k - 60 = 4*f, -2*k - 75 = z*f - 0*k. Let h = 12 - f. What is the units digit of h?
7
What is the hundreds digit of -5*(-2 + (-3558)/30)?
6
Suppose -5*o = 0, 4*o + 3684 = 4*n - 1816. What is the units digit of n?
5
What is the units digit of (-9 - (-14 + 12)) + (0 - -3155)?
8
Let z(y) = -y**3 - y**2 + 2*y + 59. Let q be z(0). Let j be (-4)/(-2) + 3 + -2. Suppose -4*a = -3*a - j, -q = -2*d - 3*a. What is the tens digit of d?
2
What is the hundreds digit of (-5)/((-80)/6688) - -3*2?
4
Suppose -91935 = 26*m - 53*m. What is the hundreds digit of m?
4
Let l(x) = x**2 - 5*x + 2. Let i be l(2). Let j(c) = -54*c - 5. What is the hundreds digit of j(i)?
2
Suppose 0 = 5*i - u + 14, -i + 3*u - 3 = i. Let x be (1/3)/(i/(-9)). What is the tens digit of x*(720/(-4))/(-3)?
6
Let r = 3 - 1. Suppose -4 + 2 = -h, o + r*h - 8 = 0. Suppose 0 = -2*k - 4*v + 32 + 20, 4*k + o*v = 112. What is the units digit of k?
0
Suppose 2*c - 3026 = 4824. What is the thousands digit of c?
3
Let t be 471/(-6) + (3/6 - 0). Let c = 165 + t. What is the tens digit of c?
8
Let a(b) be the third derivative of b**5/60 + b**4/24 + 4*b**2. Let c(v) = 2*v**2 - 4*v + 8. Let q(f) = -3*a(f) + c(f). What is the units digit of q(-6)?
4
Suppose -1122 = -11*l + 6545. What is the hundreds digit of l?
6
What is the hundreds digit of (-5952958)/(-2992) + 1/((-16)/(-6))?
9
Let r(q) = -5 - 1 + 7 - 5*q. Let z be r(-2). Suppose -9*x - 84 = -z*x. What is the tens digit of x?
4
Suppose -x + 5*o + 727 = 0, 1013 = 2*x - 3*o - 476. What is the hundreds digit of x?
7
Let u be 6/10 + (-34)/(-10). Suppose u*y + 5 = 73. What is the units digit of y?
7
Suppose -3*v + 8 + 4 = 0. Suppose -v*w = 3*a - 91, a - 119 = -3*a - 3*w. What is the tens digit of a?
2
Let s(x) = 2*x**3 + 4*x**2 + 14*x + 37. What is the thousands digit of s(11)?
3
Let p(q) = -q**3 + 11*q**2 + 8*q - 14. Let n(l) = l**3 - l**2 + 1. Let w(g) = 2*n(g) + p(g). What is the tens digit of w(-7)?
3
Let r(n) = n**3 - 14*n**2 + 19*n - 18. Suppose 0*l = 3*l - 39. What is the units digit of r(l)?
0
What is the units digit of (-42660)/225*150/(-9)?
0
Let w be 1 + (0 - -2 - -3). Let i = w + -6. Suppose -3*q + 75 = -i*q. What is the tens digit of q?
2
Suppose 3*p - 14536 = -5*y, 0 = 5*p + 5*y - 4*y - 24190. What is the hundreds digit of p?
8
What is the hundreds digit of (32/(-8) - 834)/(-2)?
4
Let s(c) be the first derivative of -c**3/3 - 3*c**2 + 5*c + 9. Let t be s(-6). Suppose -5*k + v + 57 = -3*k, t*k = -4*v + 175. What is the tens digit of k?
3
Let g(r) = 6*r - 11. Let s(o) = -5*o + 11. Let a(i) = -3*g(i) - 4*s(i). Let t be a(10). What is the tens digit of (t - -11)*13/4?
6
Let k(n) = -65*n + 14. Let q be k(-7). Suppose -3*d = 4*d - q. Let x = 114 - d. What is the tens digit of x?
4
Suppose 2*c - 52 = 52. What is the tens digit of c?
5
Let a = 135 - -34. What is the units digit of a?
9
Suppose 0*v = v + 3. Let a be 0/1 - (-2 + v). Let y = 28 - a. What is the units digit of y?
3
Suppose 4*a - 1652 = -p, -5*p + 2*a + 5761 = -2521. What is the tens digit of p?
5
Let g(p) = 23*p - 13. Let o be g(8). Let b = o - 60. What is the units digit of b?
1
Suppose 6 = t - r, 5*t = -5*r - 30 + 110. Let a(b) = b**3 - 12*b**2 + 12*b + 17. What is the tens digit of a(t)?
2
Let y be (0/(-8))/((-2)/(-2)). Suppose y = 4*p + 5*j - 96, 0*p = 3*p - 4*j - 103. What is the tens digit of p?
2
Suppose -75 = 3*u + 2*u. Let h = u + 51. What is the units digit of 1 - (-1)/(4/h)?
0
Let r be 0 + 832/4 - 1. Suppose 5*t - r = 143. What is the units digit of t?
0
Suppose -2*l - 10 = 10. Let j = -8 - l. Suppose j*f + 4 = 38. What is the tens digit of f?
1
Let b(q) = -q**3 + 16*q**2 + q - 10. Let s be b(16). Let g be ((-45)/s)/(-3)*2. What is the tens digit of (-225)/6*(-8)/g?
6
Suppose -2*s + 2588 - 212 = 2*a, 0 = -s + 5*a + 1182. What is the units digit of s?
7
Suppose -2*y + 5 = -9. Suppose -3*w + 332 = 5*i, -205 = -3*i + y*w - 3*w. What is the units digit of i?
7
Let o = 26 + -34. Let i(p) = -18*p. What is the tens digit of i(o)?
4
What is the hundreds digit of (-3)/(54888/9152 - 6)?
1
Let o(g) be the second derivative of -g**4/12 - g**3/6 + 25*g**2/2 - 3*g. Let s be o(0). Suppose s = 5*t + 5*n, 2*n + 3*n = 0. What is the units digit of t?
5
Let i = -1325 + 2707. What is the units digit of i?
2
Let k(j) = 34*j**2 + 20*j - 112. What is the hundreds digit of k(10)?
4
Suppose 2*x - 4*z + z = 6, 0 = 2*z. Let o(s) = s**2 + s + 3. Let v be o(-3). Let m = v - x. What is the units digit of m?
6
Let y(i) = 21*i**2 - i + 1. Let a be y(-1). Suppose -24*p = -a*p - 11. What is the tens digit of p?
1
Suppose -6*s = -15120 + 4866. What is the units digit of s?
9
Suppose 0*q = 5*t + 2*q + 9, -3*t = 3*q. Let x(l) = 6*l**3 - l**2 + 3*l - 1. Let s be x(2). What is the tens digit of ((s - t)/(-4))/(-1)?
1
Let r(l) = 18*l**3 - 3*l**2 + 5*l - 2. Let h(p) = -17*p**3 + 3*p**2 - 5*p + 2. Let k(u) = 4*h(u) + 5*r(u). What is the tens digit of k(2)?
7
Suppose -5*f + f = -964. Let v = -112 + f. What is the units digit of v?
9
Let q(d) be the first derivative of -d**3/3 - 4*d**2 + 5*d + 6. Let v be 10*(3 + (-28)/8). What is the tens digit of q(v)?
2
Suppose -353 = 15*a - 20288. What is the hundreds digit of a?
3
Suppose -2*o + 6 = -2*j, -4*o - o = -2*j + 6. Let n = 0 - j. Suppose 0 = 5*q - n - 8. What is the units digit 